86 - -467. Calculate the highest common divisor of 18 and r.
9
Suppose 5*d = -u + 4*d + 1490, -u = 2*d - 1495. Calculate the highest common factor of 55 and u.
55
Let u(y) = -31*y**3 + 5*y**2 - 6*y + 3. Let n be u(2). Let q be n*7/((-84)/8). Suppose -4*w + 34 = -q. Calculate the greatest common factor of w and 24.
24
Suppose 0 = 48*g - 60*g + 204. What is the greatest common factor of 136 and g?
17
Suppose 36*n - 192 = 40*n. Let q = -40 - n. What is the greatest common factor of 6 and q?
2
Suppose -53 = -2*s - 3*l, 119 - 24 = 4*s - 5*l. Let a be 1119/15 + 2/5. What is the highest common divisor of s and a?
25
Suppose 18 = -390*k + 393*k. Calculate the highest common factor of 153 and k.
3
Let v = -29 + 57. Let p be (v/(-4))/(-1 - 0). Suppose -p = -3*l + 29. Calculate the highest common divisor of 24 and l.
12
Suppose 9*q - 108 = 5*q. Suppose -2*y = 3*c - q, 0 = 5*y - 2*y + 4*c - 42. Calculate the highest common factor of 9 and y.
9
Let m be (-27*1)/(24/(-32)). Calculate the highest common divisor of 24 and m.
12
Suppose 2*f = -10, 0 = -0*a + 2*a - f - 65. Let y be 8898/a - (-6)/15. What is the greatest common factor of 27 and y?
27
Let z(w) = w**3 - 8*w**2 - 28*w - 1. Let c be z(11). Calculate the greatest common divisor of 288 and c.
18
Suppose 0 = 16*h - 5 + 37. Let x be -4*(-21)/(-70)*10/h. Calculate the highest common divisor of x and 24.
6
Suppose -3*z + 2*s + 172 = -2*z, 5*s = 5*z - 885. Calculate the greatest common factor of 14 and z.
14
Suppose -m = -3*m + 2. Let w(g) = 504*g**3 - g + 1. Let d be w(m). Suppose -5*n = -2*n - d. What is the greatest common factor of n and 24?
24
Let n(x) = 12*x + 2. Let s(k) = -1. Let a(j) = n(j) + s(j). Let w be a(1). What is the highest common factor of w and 13?
13
Let r be (20/(-6))/((-8)/84). Suppose n - r = -4*n. Let s(c) = -c**2 - c + 63. Let a be s(0). What is the greatest common factor of n and a?
7
Let q be 0/11 + (2 - -1). Suppose 0 = -2*u - 0*u + 4*c + 52, 0 = q*u + 2*c - 62. Calculate the greatest common factor of 55 and u.
11
Let q be -2 + (-2 - 176/(-2)). Let w = -50 - -34. Let p = -4 - w. What is the highest common divisor of q and p?
12
Let a(u) = -u**3 + 4*u**2 + 2*u + 1. Let d be a(4). Suppose -5*g = -7*g. Suppose g = 3*b - 17 + 14. Calculate the greatest common factor of b and d.
1
Let a(z) = 99*z + 165. Let u be a(5). Calculate the highest common factor of 24 and u.
12
Let q(o) = 3*o**2 + 18*o - 5. Let p be q(-11). Let v be ((-15)/(-12))/((-1)/(-16)). What is the greatest common divisor of p and v?
20
Let z(q) = 11*q**2 + 30*q + 195. Let j be z(-10). What is the highest common divisor of 5 and j?
5
Let r = -10 - -14. Let i be -2*(-100)/(-40)*(-1)/5. Suppose o = r*f + 22, -2*f + 3 + i = 0. What is the highest common factor of 20 and o?
10
Suppose 0*u = u - 22. Let s(m) = 4*m + 40. Let c be s(-9). Suppose 2*d - 198 = -c*d. What is the highest common divisor of u and d?
11
Let j be 185/3 + (-18)/(-54). Suppose -j = -3*l - 2. What is the greatest common divisor of l and 50?
10
Suppose -730 + 155 = -5*o. Let x = -18109 + 18132. Calculate the greatest common factor of x and o.
23
Let k = -48 + 90. Let p(w) = -w**3 + 5*w**2 + 7*w - 7. Let j be p(5). What is the highest common divisor of k and j?
14
Suppose 5*i - 4*i - 132 = -4*h, 2*h + 5*i = 48. What is the greatest common factor of 357 and h?
17
Let t = 103 + -75. Calculate the highest common divisor of 364 and t.
28
Let a(o) = -o + 3. Let r be a(12). Let d be 107/3 + 6/r. What is the greatest common factor of d and 350?
35
Suppose 0 = -29*z + 33*z - 36. Suppose 7*v = z*v - 16. Calculate the greatest common factor of v and 20.
4
Suppose 0*o - 20 = -4*o. Let m(g) = g**3 - 4*g**2 - 3*g - 3. Let i be m(o). Let x = 24 - 3. What is the greatest common divisor of i and x?
7
Let t(r) = -r**3 - 13*r**2 + r + 21. Let z be t(-13). Calculate the greatest common factor of 2936 and z.
8
Suppose 0 = -3*f + 6*f - 48. Let z = -6 + f. Suppose -4*t + 42 = -38. Calculate the highest common divisor of t and z.
10
Let p = -26 + 125. Let z(i) = 21*i**2 - i. Let b be z(1). Suppose b*w = 16*w + 36. What is the greatest common factor of w and p?
9
Let t be 195/117*((-168)/(-10) + 0). Suppose -46 = -3*y + 2*b, -5*b - 41 - 39 = -5*y. What is the greatest common divisor of t and y?
14
Let o be (-3 - 39)/6 + -16. Let h = -116 - -169. Let l = h + o. Calculate the highest common divisor of 12 and l.
6
Let z = 418 - 244. Suppose -2*m = -5*l - 16 + z, m + 63 = 2*l. Calculate the highest common divisor of l and 2.
2
Suppose -5*m - 5*f + 95 = 0, -5*m - 6*f = -4*f - 110. Calculate the greatest common factor of 4 and m.
4
Let t(i) = 0*i - 2*i + 18 + 3*i + 13. Let y be t(-5). Calculate the highest common divisor of y and 26.
26
Let o(m) = m**2 - 2*m - 4. Let c be o(4). Suppose -2*z + 46 - c = 0. What is the greatest common divisor of 3 and z?
3
Suppose 45*p + 2459 = 35759. Calculate the greatest common factor of p and 20.
20
Suppose -6*p + 8 = -5*p. Suppose 324 = p*z + z. Calculate the highest common divisor of z and 90.
18
Let j = 28 + 90. Let u = -48 + j. What is the highest common divisor of u and 20?
10
Suppose 175*m - 139*m - 3960 = 0. What is the highest common divisor of 15 and m?
5
Suppose -3*w = 2*w - 495. Suppose 3*p + p + g = w, -51 = -2*p + g. Suppose -5*a = -3*t + 39 + p, a = t - 18. Calculate the highest common factor of t and 13.
13
Suppose 8*q - 262 + 110 = 0. Suppose q = c - 2*f, 0 = -2*c - 2*f + f + 48. Calculate the greatest common factor of c and 69.
23
Let v = 1910 + -1129. Calculate the highest common divisor of v and 44.
11
Let c(d) = 13*d + 4. Let p = -1 + -2. Let x be c(p). Let t = -24 - x. Calculate the highest common factor of 11 and t.
11
Let s(c) = c**2 + 43*c + 282. Let g be s(-39). Calculate the greatest common factor of g and 36.
18
Let i(c) = c**2 + 10*c + 5. Let z be i(-15). Let m = -49 - -69. What is the greatest common divisor of m and z?
20
Suppose 497 = 5*n - 178. What is the greatest common factor of 216 and n?
27
Let a = -215 + 386. Let q be (-1 - 0) + 2 - -18. Calculate the greatest common divisor of a and q.
19
Let x be ((-98)/(-28) + -4)/(2/(-6784)). What is the greatest common factor of 53 and x?
53
Let c(u) = u + 13. Let p be c(-5). Calculate the greatest common divisor of 28 and p.
4
Let l be (297/(-2))/((-11)/110). Calculate the greatest common divisor of 5 and l.
5
Let o be 1/((-7)/(-6) + -1). Let j = -158 + 188. What is the highest common divisor of j and o?
6
Let x = 49 - 27. Calculate the highest common factor of 198 and x.
22
Let r = 47 + 41. Suppose -48*o - 64 = -56*o. Calculate the greatest common factor of o and r.
8
Let n be -9 + 8 - -291 - 6. Calculate the greatest common factor of 8 and n.
4
Suppose 2*u + 1131 = y - u, 4524 = 4*y + 5*u. Calculate the greatest common divisor of y and 87.
87
Suppose -3*a - 5 = -23. Suppose -w - 525 = -a*w. What is the highest common divisor of 70 and w?
35
Let p be (-16)/56 - (-44)/7. Let j(n) = 2*n**2 - 3*n + 6. Let a be j(p). Calculate the highest common factor of a and 12.
12
Suppose r - 5*b = 243, r - 4*b - 237 = -5*b. Let s = r + -144. Suppose -7*t + 290 = s. Calculate the greatest common divisor of t and 70.
14
Suppose -16*u = -u - 1680. Calculate the highest common divisor of u and 280.
56
Suppose -133*d - 36*d + 1352 = 0. Calculate the greatest common divisor of 14 and d.
2
Suppose -3*p + 20 = -4. Suppose -5*v = -3*d - p + 1, -d + 3 = v. Suppose -3*y + 70 = v*y. Calculate the greatest common divisor of 112 and y.
14
Let h(i) = -29*i + 2. Let a be h(-5). Let q = -30 + a. Calculate the greatest common divisor of q and 13.
13
Suppose -25*y - 432 = -43*y. What is the highest common divisor of 33 and y?
3
Suppose 1428 = -5*j + 17*j. What is the highest common factor of 51 and j?
17
Let n(f) = -f + 48. Let j be n(13). Calculate the highest common divisor of j and 14.
7
Let u(o) = 6*o - 5. Let b be u(5). Let t = 169 - 640. Let k = -271 - t. What is the greatest common factor of b and k?
25
Suppose 5*p - 51 - 7 = -3*o, -3*p - 3 = 0. What is the greatest common factor of o and 147?
21
Let d(w) be the third derivative of w**4/24 - w**3/6 - 4*w**2. Let u be d(5). Let f(o) = 9*o - 1. Let s be f(5). What is the greatest common divisor of u and s?
4
Suppose 2 = t - 5*n - 9, 3*t + 2*n - 16